greatest common factor of 5427 and 67?
67
Calculate the greatest common divisor of 105 and 1295.
35
Calculate the greatest common divisor of 48 and 1296.
48
Calculate the greatest common factor of 11 and 2.
1
What is the greatest common divisor of 45 and 4155?
15
Calculate the highest common factor of 1110 and 90.
30
What is the highest common divisor of 84 and 231?
21
What is the greatest common factor of 2035 and 74?
37
What is the highest common divisor of 84 and 3108?
84
Calculate the highest common divisor of 240 and 1104.
48
Calculate the greatest common divisor of 12048 and 60.
12
What is the greatest common factor of 18 and 30555?
9
What is the greatest common divisor of 295 and 177?
59
What is the greatest common divisor of 24 and 3144?
24
Calculate the greatest common divisor of 12 and 924.
12
Calculate the highest common divisor of 208 and 1482.
26
What is the highest common factor of 134 and 201?
67
Calculate the highest common divisor of 168 and 273.
21
What is the greatest common divisor of 2951 and 52?
13
What is the greatest common divisor of 10 and 605?
5
Calculate the greatest common divisor of 28 and 868.
28
Calculate the greatest common divisor of 1508 and 208.
52
What is the greatest common divisor of 2592 and 8748?
324
Calculate the greatest common divisor of 14 and 84.
14
What is the highest common factor of 275 and 11?
11
Calculate the greatest common factor of 13 and 481.
13
What is the highest common divisor of 30 and 2330?
10
What is the highest common factor of 18 and 1755?
9
Calculate the highest common divisor of 154 and 44.
22
What is the greatest common factor of 207 and 69?
69
Calculate the greatest common divisor of 704 and 39776.
352
What is the highest common divisor of 265 and 212?
53
What is the highest common divisor of 1020 and 90?
30
What is the highest common divisor of 16 and 216?
8
Calculate the highest common factor of 259 and 63.
7
What is the greatest common factor of 17 and 51?
17
Calculate the greatest common divisor of 8927 and 158.
79
Calculate the greatest common divisor of 60 and 1956.
12
What is the highest common divisor of 110 and 33?
11
What is the highest common divisor of 10 and 60670?
10
Calculate the greatest common factor of 5488 and 16.
16
What is the highest common factor of 2584 and 221?
17
What is the greatest common factor of 1001 and 182?
91
Calculate the greatest common factor of 893 and 38.
19
Calculate the highest common factor of 38 and 209.
19
Calculate the highest common factor of 24 and 9.
3
Calculate the greatest common factor of 109 and 10137.
109
Calculate the highest common factor of 406 and 1561.
7
Calculate the greatest common divisor of 1121 and 767.
59
Calculate the greatest common factor of 350 and 14.
14
What is the highest common divisor of 116 and 108?
4
What is the greatest common factor of 2100 and 200?
100
Calculate the highest common factor of 68 and 459.
17
Calculate the highest common factor of 128 and 96.
32
Calculate the highest common factor of 9243 and 12.
3
What is the highest common divisor of 122 and 1952?
122
What is the highest common divisor of 279 and 27?
9
Calculate the greatest common factor of 3042 and 78.
78
What is the highest common divisor of 42 and 98?
14
Calculate the greatest common factor of 192 and 78.
6
Calculate the highest common divisor of 34 and 8381.
17
What is the greatest common divisor of 375 and 625?
125
What is the greatest common factor of 35992 and 88?
88
Calculate the greatest common factor of 10 and 4385.
5
Calculate the highest common divisor of 81 and 63.
9
Calculate the highest common divisor of 1968 and 30.
6
What is the highest common divisor of 98 and 581?
7
Calculate the greatest common factor of 68 and 17.
17
What is the greatest common factor of 6252 and 12?
12
Calculate the highest common factor of 2440 and 320.
40
Calculate the greatest common divisor of 87978 and 473.
473
What is the greatest common divisor of 18 and 117?
9
What is the greatest common divisor of 837 and 186?
93
What is the highest common divisor of 120 and 372?
12
Calculate the highest common divisor of 70 and 665.
35
What is the greatest common factor of 8712 and 66?
66
Calculate the greatest common factor of 145704 and 104.
104
What is the greatest common divisor of 4223 and 1133?
103
What is the greatest common factor of 4387 and 214?
107
Calculate the greatest common divisor of 2200 and 200.
200
Calculate the highest common factor of 62 and 11222.
62
Calculate the greatest common divisor of 7746 and 18.
6
What is the greatest common divisor of 14 and 98?
14
What is the highest common divisor of 20986 and 7?
7
Calculate the highest common divisor of 646 and 136.
34
Calculate the greatest common divisor of 42 and 1785.
21
What is the highest common divisor of 18 and 213?
3
What is the highest common divisor of 736 and 8?
8
Calculate the highest common divisor of 6897 and 605.
121
What is the highest common divisor of 45679 and 17?
17
What is the highest common divisor of 1 and 8?
1
What is the highest common divisor of 2028 and 36?
12
Calculate the highest common factor of 276 and 897.
69
Calculate the highest common factor of 21 and 28.
7
Calculate the highest common divisor of 483 and 399.
21
What is the greatest common divisor of 279 and 45?
9
What is the greatest common factor of 220 and 715?
55
What is the highest common factor of 9 and 3375?
9
Calculate the greatest common factor of 396 and 36.
36
Calculate the highest common factor of 21 and 27.
3
What is the greatest common factor of 14495 and 65?
65
Calculate the highest common factor of 44 and 316.
4
What is the highest common factor of 504 and 1638?
126
Calculate the highest common factor of 902 and 205.
41
Calculate the highest common factor of 10 and 410.
10
Calculate the greatest common divisor of 270 and 4185.
135
What is the highest common divisor of 1773 and 9?
9
Calculate the greatest common factor of 899 and 217.
31
What is the greatest common divisor of 639 and 497?
71
What is the greatest common factor of 2 and 326?
2
Calculate the greatest common divisor of 55 and 11.
11
What is the highest common divisor of 69 and 713?
23
What is the greatest common divisor of 88 and 42152?
88
What is the greatest common factor of 884 and 68?
68
Calculate the highest common divisor of 418 and 44.
22
What is the greatest common factor of 1 and 293?
1
What is the greatest common factor of 348 and 36?
12
Calculate the highest common factor of 70 and 2086.
14
Calculate the highest common factor of 35434 and 14.
14
Calculate the highest common factor of 38 and 2.
2
What is the greatest common divisor of 15 and 195?
15
Calculate the highest common factor of 594 and 33.
33
Calculate the greatest common divisor of 4619 and 31.
31
Calculate the greatest common factor of 97 and 97.
97
Calculate the highest common divisor of 14144 and 408.
136
What is the highest common divisor of 143 and 26?
13
Calculate the greatest common factor of 1339 and 13.
13
Calculate the greatest common divisor of 36 and 1260.
36
Calculate the highest common factor of 48 and 208.
16
What is the greatest common divisor of 144 and 108?
36
Calculate the greatest common divisor of 143 and 273.
13
What is the highest common divisor of 98 and 224?
14
Calculate the highest common divisor of 16720 and 32.
16
What is the highest common factor of 161 and 7?
7
Calculate the highest common factor of 4 and 154.
2
Calculate the highest common divisor of 198 and 1166.
22
What is the greatest common factor of 78 and 192?
6
Calculate the greatest common factor of 230 and 184.
46
What is the greatest common divisor of 62 and 713?
31
Calculate the highest common factor of 420 and 315.
105
Calculate the greatest common divisor of 305 and 1769.
61
What is the greatest common divisor of 156 and 117?
39
Calculate the highest common factor of 1845 and 2091.
123
Calculate the highest common divisor of 294 and 1862.
98
What is the greatest common divisor of 600 and 1920?
120
Calculate the highest common factor of 229 and 4580.
229
Calculate the greatest common factor of 190 and 38.
38
Calculate the greatest common divisor of 390 and 104.
26
What is the highest common factor of 4900 and 100?
100
Calculate the highest common factor of 